hat is -4 + 4 - 13 - 2 - (-37 + 45)?
-23
Evaluate -2 - (12 - (-4 - -7) - 12).
1
Evaluate 24 + (-17 - -27) - 71.
-37
What is the value of -4 - (22 + 13 + -24)?
-15
Calculate 3 + 105 + -82 + (-5 - 2).
19
What is the value of 46 + -41 + (7 - 0)?
12
What is the value of 12 - (9 + -26 - (0 + -2))?
27
Calculate 8 + (6 - 9) + -1 + 5.
9
What is -1 + 0 - ((-43 - -30) + 0 + 0)?
12
What is -8 - 1 - (-21 + 71 + -50)?
-9
(2 - 1) + (3 - (-22 + 27))
-1
What is the value of -21 + 22 - (-2 + 5 - 3) - 13?
-12
What is the value of 5 + 16 + -5 - (9 - 1)?
8
Calculate 1 + -2 + 3 + -4 - (33 - 19).
-16
3 - (29 - (2 - -5))
-19
Evaluate 5 - ((16 - -14) + -11).
-14
What is the value of 43 + -26 + (-6 - -5) + 18?
34
Evaluate (-15 - -1) + (-4 - (12 + -19)) + 2.
-9
Evaluate (-6 - (-12 - (-8 - 3 - -4))) + -10.
-11
What is the value of -69 - -10 - 3 - -34?
-28
-273 + 288 + (-38 - -4)
-19
What is the value of -46 - (-1 - 3 - (-16 + 37 - 18))?
-39
What is the value of -2 - 8 - (43 + -48)?
-5
-5 - (158 + -146 + 2 + -2)
-17
What is 6 + (15 - 0) - 28?
-7
Evaluate -835 - -852 - (-1 + 15).
3
Evaluate -30 + (-6 - 0 - -3) + 4 + 4.
-25
Evaluate (-6 + 12 - (1 + 13)) + (-6 - 5).
-19
11 + 0 - 12 - 1
-2
-24 + 26 + 1 + -1 + 3
5
Evaluate (-7 - 3) + 13 + (-17 + 4 - 1).
-11
Calculate (-7 + 13 - 3) + -3 + 0.
0
Calculate -775 + 794 + (2 - (-2 - -15)).
8
What is 22 + -25 + -2 - -20?
15
What is -25 + 46 + -25 - (-9 - (-3 - -1))?
3
-6 + (14 - (-1 + 35))
-26
Calculate 3 + (20 + -11 - 8) - (1 + 13).
-10
-5 + -19 + (19 + -4 - -11)
2
Calculate -4 + (-6 - (-6 + 4 + -6)) - 10.
-12
Calculate -1 + -2 + 0 + 22 + -8.
11
What is the value of (-50 - (42 - 84)) + 17?
9
-16 + -15 + (-7 - -18) + 31
11
Calculate -14 + (-2 - -3) - (-20 + 19) - 1.
-13
Calculate -2 + (-9 - -3) - (-33 + 26).
-1
Calculate (0 - 20) + -580 + 568.
-32
What is the value of 22 + -27 + 1 + -5 + -3 - 0?
-12
19 - (29 - 23) - 16
-3
What is -11 + -11 - -30 - (1 + 21)?
-14
-2 + 17 - (-43 - -44)
14
Calculate -108 + 115 - (32 + (0 - -2)).
-27
What is the value of 34 - 10 - (-59 - -55)?
28
What is 6 + (7 + (-17 - -7) - (9 - -1))?
-7
What is -1 + 11 + (33 - (53 + -27))?
17
What is the value of 2 + (-20 + 9 - (-1 - 5)) + 9?
6
What is -3 - (-5 + -1) - ((11 - 5) + -2)?
-1
Evaluate 6 - 10 - 4 - (8 + -1 - 2).
-13
Calculate (-5 + 50 - 23) + -9.
13
30 + 5 + -31 + -25
-21
What is 5 + (-10 + 13 - (-3 - 2))?
13
4 - (-3 - -18 - (-2 + (1 - -1)))
-11
What is the value of -6 + 3 - (-27 + 13)?
11
-107 + 78 + (6 + -3 - -2)
-24
Calculate (-12 - -7 - -4) + (1 - -9).
9
What is the value of 0 + (-11 - -12 - 5) + 1 + 2?
-1
What is -15 - (-57 + (0 - 3 - -14))?
31
4 + -48 + 2 + 15 + 10 + -15
-32
Evaluate -19 + 33 + -24 - (4 + -33).
19
Evaluate 14 - -2 - ((29 - 29) + 7 + 0).
9
What is the value of -6 - (1 + -4 + (6 - 3 - 5))?
-1
(14 + (-2 - -5 - 11) - 5) + 20
21
What is the value of 40 - (-42 + 79) - (17 + 0)?
-14
Calculate 13 + -7 + 21 + -1 + -8.
18
Calculate (-21 - -12 - -10) + 1 + 1.
3
Evaluate -3 + -2 + 16 + -14 + 13.
10
(0 - -33) + -20 + -7
6
What is the value of -107 + 103 + 28 + -2?
22
Calculate -6 - -2 - (277 - 288).
7
Evaluate 11 + -20 + 1 + 20.
12
What is -1 - (0 + 3) - ((8 - 8) + -7)?
3
5 + (25 - 18) + 3 + -10 + 4
9
What is -8 - ((-1 - (4 + 2)) + -3)?
2
What is (3 - (2 - -16)) + (9 - 14) + 9?
-11
What is -13 + (5 - (0 - -5) - (6 + -11))?
-8
What is -2 + (4 - (-6 - -4) - 2 - 22)?
-20
What is the value of -9 - (2 + (-1 - 2))?
-8
What is (15 - 18) + -3 - 10?
-16
Calculate -2 + (-19 - (-18 - 3) - (13 + 1)).
-14
Evaluate 3 + -10 - -17 - (59 + -59).
10
What is the value of 1 + (-4 - (-4 - 4)) - (7 + 0)?
-2
Calculate 28 + -37 + (-34 - (1 - 8)).
-36
Calculate -4 + 1 - (-2 + 10 - (1 - 0)).
-10
Evaluate -17 - (10 - 2 - 11).
-14
Evaluate (42 + -47 - (-2 - -2 - 0)) + -5.
-10
What is the value of -1 + (5 - (7 + -4)) + 0?
1
42 + 22 + -53 - 8
3
-36 + (3 + 10 - (-48 + 51))
-26
Calculate (1 - (-5 + 6)) + 0 + -6.
-6
What is the value of -23 - ((46 - 15) + -48)?
-6
6 - (10 + -16 - -23) - -15
4
What is the value of -14 + 11 + (-3 - 1) + 2 - 8?
-13
What is -6 + -1 - (10 + (8 - 5 - 10))?
-10
-9 + (3 - (2 + -8 - 1))
1
Evaluate 0 + (1 - (-9 - -19)) + 6 + -3.
-6
Calculate 17 - -1 - (-1189 - -1190).
17
What is (10 + (-12 - -6) - (5 + 2)) + -7?
-10
Evaluate -36 - -3 - (3 + -15) - -13.
-8
(270 - 279) + -1 + 7
-3
What is -16 - (15 - (-8 + 1 - -20))?
-18
Evaluate -490 + 523 + -2 + -18.
13
Evaluate (7 + 0 - -7) + -29.
-15
-8 + -6 + 1 + -4 - (-28 - -19)
-8
What is -24 + (-9 - (-7 + -11)) - -23?
8
Evaluate 24 + (-5 - 18) + 6.
7
What is the value of (-17 - (-3 + -22)) + -33?
-25
Evaluate -10 + (12 - 0) + 8 + -2.
8
-72 + 34 - -36 - 0
-2
Calculate (-1 + 12 + -5 - -2) + -38 + 2.
-28
Calculate 7 + 8 + (-24 - -6).
-3
Evaluate -219 + 187 + -4 + 3.
-33
(-7 - 20 - -15) + 23
11
Evaluate 8 + (-20 - -25 - -9) + (-4 - 1).
17
(4 - 13 - (7 - (-6 + 26))) + 25
29
What is (-18 - -16) + -9 - (1 + -9)?
-3
Evaluate 5 + (-4 - (10 + -8)) - (-11 - 0).
10
Evaluate 18 - (-6 + (-8 - -19) + 5).
8
9 + (0 - -1) + -2 - (-30 - -31)
7
(12 - (16 - 7)) + -9 + 8
2
What is (9 - -2 - 5) + (-5 - -1)?
2
What is (7 - (-2 + 3)) + -11 - (-2 - 18)?
15
Calculate -3 - (-20 - (0 - (4 + -10))).
23
What is the value of (5 - (-10 + 12 + (1 - -6))) + -5?
-9
What is -2 + 15 + (-51 - -17)?
-21
Evaluate 5 + (-8 - -12) + (3 - -8).
20
What is -20 - (-11 + 7 + 9 + -16)?
-9
What is the value of 450 + -434 + (4 - 0)?
20
What is the value of 19 + -22 + -20 + (12 - (2 + 1))?
-14
Calculate (4 - (16 - 9) - 14) + -15.
-32
0 + (6 + -2 + -1 + 0 - 6)
-3
What is -35 - -14 - (-10 - -3) - -26?
12
What is (-32 - -17 - (-3 - 14)) + -1 + -2?
-1
Evaluate (-14 - -2 - (220 + -231)) + 10.
9
Calculate -2 - -19 - (-623 - -631).
9
What is 2 + -6 + -5 + 16 + (-1 - -1)?
7
What is the value of 106 + -84 + (-28 - 1)?
-7
What is the value of 27 + -22 + (3 - (-9 - -32))?
-15
0 + (-4 - -6) - (5 + -10)
7
Evaluate (-5 - -2) + 18 + -89 + 81 - 7.
0
What is (16 - 8) + (0 - (9 - 6)) + -20?
-15
What is 11 + -18 + -6 + 9?
-4
Evaluate 8 + 2 - (-81 + 81).
10
Evaluate (75 + -66 - -2) + (0 - 12) + 2.
1
Evaluate 0 + -9 + 4 + -1 + 1.
-5
Evaluate -15 - (32 + 0 - 29).
-18
6 + (3 - 36) + 10
-17
What is (-59 - -83) + (-21 - (-3 - 0))?
6
26 - (38 + (8 - 38))
18
What is 26 + -15 + 19 - 54?
-24
Calculate 9 + 2 + (-1 + -8 - 3) + 1.
0
Calculate 2 - 16 - (10 - (6 - -7)).
-11
What is the value of 13 - 29 - (-11 - -11) - 0?
-16
Evaluate 3 + -7 + 26 + -62 + 47.
7
Calculate 25 + 9 + -12 - 8.
14
Calculate -8 + -4 + -13 + (13 - 4).
-16
Calculate -2 + (47 - (-7 - -31)).
21
What is (2 - (1 - -11)) + 151 + -159?
-18
What is (-1 + 6 - 7) + 10 + -9?
-1
Evaluate -17 + 17 - -2 - 12.
-10
Evaluate (6 - 4) + (3 + 2 - (17 + -15)).
5
Calculate (1 - -5) + (-10 + (16 - 11) - -11).
12
Calculate (40 - 13) + (8 - 19 - 5).
11
7 - (-12 - -13) - (19 + 3)
-16
2 - (13 - (-13 - -28) - (-2 + -34))
-32
What is the value of (6 - 11) + (5 - -2) - 10?
-8
Calculate -6 - (-7 + (6 - 4)) - -15.
14
What is 0 + 3 + (-3 - -1)?
1
Calculate -5 + 32 + -22 + (6 - -6).
17
What is 5 + -1 + (-63 - -52)?
-7
What is 19 + -25 - (0 - (-1 - -22))?
15
Calculate (-5 - (41 + -57)) + 1 + 21.
33
What is the value of 9 + (-48 - -38) - 16?
-17
Evaluate -33 + (-9 + 15 - -12) - -15.
0
Evaluate 23 + -12 + (4 - 0).
15
Calculate (0 - (23 - -2)) + -555 + 558.
-22
What is the value of 6 + -2 - (-25 + 40)?
-11
Evaluate -12 + (-2 - (8 + -5)) - (15 - 11).
-21
-1 - 5 - (2 - ((-4 - 1) + 10))
-3
What is 2 - ((-12 - 0) + 12 + -1)?
3
What is 10 - -7 - (-6 - -14) - 12?
-3
4 + (0 - (10 + -8 + (-12 - -6)))
8
Calculate 8 + -8 + 42 + -11.
31
-1 + -1 + 9 + -339 + 339 + -15
-8
Evaluate 27 + 8 + 17 + -55.
-3
-4 - (-1 + 1 + 3 + -7) - 7
-7
What is the value of -2 - (2 + (5 - -1) - (257 - 234))?
13
-8 + (-4 - -13 - -13)
14
Calculate 5 - -1 - (6 + -1 + (3 - 8)).
6
Calculate 2 + (-6 - 13) - (0 + (7 - 15)).
-9
What is 0 + 3 - (19 + -11) - (-6 - 0)?
1
Evaluate -8 + 6 - (12 - 5).
-9
What is 2 + 13 + -2 + -11?
2
What is (1 - 5) + -7 - (-27 - -16)?
0
What is the value of -16 - -3 - (-4 - 9)?
0
(-7 - -3 - -10) + (-2 - (-6 + 0))
10
What is the value of -48 + 50 + -8 + 0 + (2 - -4)?
0
Evaluate 507 + -503 - ((-2 - -2) + -2 + 2).
4
What is -3 + (64 - 67) + (9 - 0) - -25?
28
Evaluate -20 + 19 + -2 + -8.
-11
20 - ((6 - -6) + 20)
-12
What is the value of -59 - -38 - -21 - 29?
-29
Evaluate (-38 - -